- 2*k, 5*x + 4*k = 40. What is the tens digit of x?
1
Let p(k) = k**3 - 3*k**2 - 3*k - 3. What is the units digit of p(4)?
1
Let x = 0 - -2. Let h be (-6)/(-9)*15/x. Let t = h - -2. What is the units digit of t?
7
Let i(h) = -h**3 + 5*h**2 + 8*h. Suppose -2 = 2*l - 3*l. Let x = 4 + l. What is the tens digit of i(x)?
1
Suppose -2*k + 69 = -k. Suppose u - k = -2*u. What is the units digit of u?
3
Let q(x) = -25*x + 6. What is the units digit of q(-4)?
6
Let p(o) = o**3 - 12*o**2 + 17*o - 25. What is the units digit of p(11)?
1
Let j(s) = -s**3 + 5*s**2 + 2*s - 6. Let l be j(5). Suppose i + 3*y + 13 = 0, -5*i + 0*y = -l*y - 11. Let z(f) = -3*f + 1. What is the units digit of z(i)?
4
Suppose -5*b - 35 = -3*l, -15 = -3*l + 4*b + 16. Suppose -l = -3*t - 2. Suppose -4*h + t = -7. What is the units digit of h?
2
Let w(v) = v**2 - 10*v + 31. What is the units digit of w(13)?
0
Suppose 4 = -o - 14. Let g be (-4)/(-10) - (-171)/(-15). Let y = g - o. What is the units digit of y?
7
What is the units digit of (4/4)/((-3)/(-9))?
3
What is the units digit of 1472/6 + (-9)/27?
5
Suppose 4*o - 329 - 335 = 2*t, -5*o + 831 = -3*t. What is the units digit of o?
5
Suppose 0 = 2*o - n + 10, -5*n - 27 + 7 = 0. Let s = 5 + o. What is the units digit of 0 + -2 + (-22)/s?
9
Suppose -c - 4*c = 20. Let k = 13 + c. What is the units digit of k?
9
What is the tens digit of 28 + (15/3 - 4)?
2
Let n(o) = 2*o - 4. Let u be n(3). Let k be (-6)/u + 0 + 0. What is the units digit of 2*k/6*-10?
0
Suppose -2*k = 2*u - 314, -7 = k - 4. What is the hundreds digit of u?
1
Suppose 2*i = 4*b - 8, 2*i - 7*i = -4*b - 4. Suppose -2*t + z + 59 = -2*z, 0 = i*t + 5*z - 63. What is the units digit of t?
2
Let k be 6/2*(-12)/9. Let a = 6 + k. Suppose -2*v - 4*f + 0*f = -4, -3*v - a*f = -18. What is the units digit of v?
8
Suppose 7 = k + l - 2*l, -4*l - 22 = -k. What is the tens digit of (k/4 + -1)*-88?
4
Let h = -26 - -31. Let x be ((-4)/(-10))/((-2)/(-10)). Suppose -w = -h - x. What is the units digit of w?
7
Let q(d) = -d**3 + 3*d**2 + 4*d + 3. Let b be q(-2). Suppose 0*p + b = 3*p + 3*t, 5*t = -2*p + 7. What is the units digit of p?
6
Suppose o + 0 - 2 = 0. What is the units digit of o?
2
Suppose -m + 3*r - 3 + 2 = 0, -4 = -3*m + 2*r. Suppose -27 - 6 = -4*k + 5*q, m*q = -k - 8. What is the units digit of k?
2
Let j be (-54)/6*(-20)/6. Suppose 145 = 5*c + j. What is the units digit of c?
3
Let r = 41 + -10. Let b = -19 + r. What is the units digit of b?
2
Let p(m) = -m**3 + 4*m**2 + 5*m - 1. Let w be p(4). Suppose -r = -0*r - w. What is the tens digit of r?
1
Suppose 2*n - n = 3*r + 213, -3*n + 625 = -2*r. What is the hundreds digit of n?
2
Suppose -5*j = 4*j - 171. What is the tens digit of j?
1
Let c = -21 - -43. Let r = c + -14. What is the units digit of r?
8
Let b(p) = -p - 3. Let v be b(-7). What is the units digit of (2 - 34/v)*-2?
3
Let z(v) = -3*v - 9. What is the units digit of z(-4)?
3
Suppose 5*k + 134 - 329 = 0. What is the units digit of k?
9
Let b(t) = t**3 + 6*t**2 + 5*t + 4. Let v be b(-5). What is the units digit of (1/(-1))/(v/(-64))?
6
Suppose 0 = -0*i + i - 33. What is the tens digit of i?
3
Let q(r) = r**3 + 10*r**2 - r + 6. Suppose 0 = 4*j - 22 + 62. What is the units digit of q(j)?
6
What is the tens digit of (4 - 3)/(1/(25 - 2))?
2
Let w(b) = 3*b - 13. What is the units digit of w(17)?
8
Let v = 12 + -7. Suppose -4*n = -2*f + v*f - 34, 4*n - 28 = -2*f. What is the units digit of f?
6
Let z(i) = i**2 - 13*i + 2. What is the units digit of z(13)?
2
Let j = -16 - -7. Let d(y) = -2*y - 2*y**2 + y**2 - 7*y + 5. What is the units digit of d(j)?
5
Let z(f) = -f**2 - 5*f. Let p be z(-5). Let c be (35/(-28))/(2/(-8)). Suppose p = -4*d + 3*d + c. What is the units digit of d?
5
Suppose 0*s - s + 25 = 5*v, -2*s = -10. Suppose 25 = -v*h + 2*o + 227, -h - o + 43 = 0. What is the units digit of h?
8
Let n be (-6)/(-4 + 2 - 0). What is the units digit of 6 + 3 + (n - 6)?
6
Suppose -19*b = -21*b + 210. What is the hundreds digit of b?
1
Suppose -31*b + 30*b = -147. What is the hundreds digit of b?
1
Suppose 0*w = 5*w + a - 5, 3*a = -3*w - 9. What is the units digit of w?
2
Suppose 2*m + 4 = 3*m. Suppose 0 = -5*t - 0*t - 5. Let a = m - t. What is the units digit of a?
5
Let i(g) = g + 24. What is the tens digit of i(16)?
4
Suppose 4*d - 7 = 3*m, -3 = -d + 5*m + 20. Let c be ((-2)/(-5))/(d/(-30)). What is the units digit of (c - 3)*(2 + -1)?
3
Suppose 0 = -5*n + 17 - 2. Suppose -n = 2*c + 19. Let q = c - -18. What is the units digit of q?
7
Let a = 11 - -8. What is the tens digit of a?
1
Suppose -2*z = -4*g + 112, 5*z - 4*g = g - 290. Let t = -26 - z. What is the units digit of t?
4
Let c = 20 - 13. Let g(v) = -v + 7. Let p be g(c). Suppose p*x - 12 = -4*x. What is the units digit of x?
3
Let f(s) = s - 5. Let c be f(8). Suppose -2*a - 18 = 5*b, -a - 5*b + c*b - 7 = 0. What is the units digit of a?
1
Let a(q) be the third derivative of q**4/12 - 7*q**3/6 + q**2. Suppose 0 = 3*p + 2 - 20. What is the units digit of a(p)?
5
Let p(m) = -6*m - 1. Let w be p(-1). Suppose w*d + 4*r = 65, -4*d - 12 = -2*r - 90. What is the units digit of d?
7
Let s be (-301)/(-21) - (-2)/3. Suppose s = -y + 4*y. Suppose u + 0*u = -y*h + 13, -5*u = 2*h - 19. What is the units digit of u?
3
Suppose 0 = 3*s - 3*y - 72, -111 = -5*s + 2*y - 0*y. What is the units digit of (-3 - 30/(-9))*s?
7
Suppose -5 = -5*m + 10. Let l = m + -1. What is the units digit of (1 + -3)/((-1)/l)?
4
Let o(x) = -11*x - 9. Let k(g) = -5*g - 4. Let w(q) = 5*k(q) - 2*o(q). What is the units digit of w(-4)?
0
Let s(g) = 8*g - 5. Let l be s(5). Let w = -18 + l. Suppose -4*r + 60 = 4*q, 0*q - 4*r = -3*q + w. What is the units digit of q?
1
Let t be 5/1*(-6 - -7). What is the tens digit of t + (-9)/3 + 12?
1
Suppose 0 = -0*z + 3*z, -4*q - 5*z - 24 = 0. Let b(g) = g**2 + g - 2. Let h be b(0). What is the units digit of (h + (-15)/q)*18?
9
Let x(i) = i**3 + 7*i**2 + 6*i. Let z be x(-4). What is the units digit of (-1)/(21/z - 1)?
8
Let w(b) = 2*b + 7. Let g be w(11). Suppose -y + 3*l - 4 = -g, 0 = -3*y + l + 75. What is the units digit of y?
5
Suppose -2*d = -4*c + 2*d + 624, 3*c + 3*d = 480. What is the hundreds digit of c?
1
Let a = 1 - 3. Let d = a - -5. Suppose -3*z = 2*z + 2*f - 53, -d*z = -5*f - 38. What is the units digit of z?
1
Suppose 523 + 541 = 8*y. What is the units digit of y?
3
Let r = 0 - 18. What is the units digit of (1/3)/((-1)/r)?
6
Suppose 15*i - 14*i - 28 = 0. What is the units digit of i?
8
Suppose -55 = -2*g - 3. What is the units digit of g?
6
Suppose 4*t + 2*j - 18 = 0, -t - 4*j - 12 = -5*t. Let a(z) = 4*z + 2. What is the tens digit of a(t)?
1
Let c(v) = v**3 - 6 + 2 + 13*v - 11*v - 5*v**2. Let r be c(5). Suppose 3*s = -5*a + 27, -5*a + r*a - 45 = -5*s. What is the units digit of s?
9
Let k(v) = -v**3 + 4*v**2 - v - 5. Let i be k(4). What is the units digit of i/9*(-4 + 1)?
3
Let x(p) = p - 2. Let h be x(4). Let k(w) = h - 4*w - 1 - 6. What is the units digit of k(-5)?
5
Suppose -v = 4*c - 0*c - 3, 0 = v + 1. What is the units digit of ((-4)/(-2) - 2) + c?
1
Suppose x - 5 - 15 = 0. What is the tens digit of x?
2
Let o(b) = b**2 + 11*b - 12. Let m be o(-15). Let x = -8 + m. What is the tens digit of x?
4
Let p(u) = u**2 - u + 1. Let c = 31 - 27. What is the units digit of p(c)?
3
Let c be 7*(-4 + 3)/1. Let o(x) = -x - 7. Let f be o(c). Let q(w) = -w**2 + w + 10. What is the tens digit of q(f)?
1
Let c(n) = n**3 - 7*n**2 + 7*n - 1. Let b be c(6). Let p be (-4)/6 - (-16)/6. Suppose -p*h + 3 = t, t + 4*t = -b*h + 25. What is the units digit of t?
7
What is the units digit of 2/3 + 760/30?
6
Let a be 2/4 + 118/(-4). What is the units digit of -1 - a - 3/(-3)?
9
What is the tens digit of ((-830)/(-6) - 0) + 8/(-24)?
3
Suppose -2*a = p, p + 4*p + a = 45. Let u = p - 4. What is the units digit of 6 + (-3)/((-9)/u)?
8
Let y(a) = a + 9. Let u be (-3 + 0 + 2)*-11. Let z = u + -19. What is the units digit of y(z)?
1
Suppose 2*d = 19 + 21. Let l = 5 + 26. Let y = l - d. What is the tens digit of y?
1
Suppose -3*h + h = -328. What is the hundreds digit of h?
1
Let i = 3 - 1. Suppose i*w = -3*w + 65. Let q = w + -3. What is the tens digit of q?
1
Suppose d - 2*d = -5*h - 25, 0 = -3*d - 5*h - 5. Suppose 12 = -4*p + p, -5 = 5*q 